{"id":17075,"date":"2026-04-27T16:25:22","date_gmt":"2026-04-27T16:25:22","guid":{"rendered":"https:\/\/alumnipucv.cl\/?page_id=17075"},"modified":"2026-04-27T19:48:15","modified_gmt":"2026-04-27T19:48:15","slug":"elementor-pagina-17075","status":"publish","type":"page","link":"https:\/\/alumnipucv.cl\/?page_id=17075","title":{"rendered":"Beneficios PUCV"},"content":{"rendered":"\t\t<div data-elementor-type=\"wp-page\" data-elementor-id=\"17075\" class=\"elementor elementor-17075\" data-elementor-post-type=\"page\">\n\t\t\t\t<div class=\"elementor-element elementor-element-b77ac0f e-flex e-con-boxed e-con e-parent\" data-id=\"b77ac0f\" data-element_type=\"container\" data-e-type=\"container\" data-settings=\"{&quot;background_background&quot;:&quot;classic&quot;}\">\n\t\t\t\t\t<div class=\"e-con-inner\">\n\t\t\t\t<div class=\"elementor-element elementor-element-7b47f6a4 elementor-widget elementor-widget-elementskit-heading\" data-id=\"7b47f6a4\" data-element_type=\"widget\" data-e-type=\"widget\" data-widget_type=\"elementskit-heading.default\">\n\t\t\t\t\t<div class=\"ekit-wid-con\" ><div class=\"ekit-heading elementskit-section-title-wraper text_center   ekit_heading_tablet-   ekit_heading_mobile-\"><h2 class=\"ekit-heading--title elementskit-section-title \">Beneficios PUCV<\/h2>\t\t\t\t<div class='ekit-heading__description'>\n\t\t\t\t\t<p>\u00a1Revisa aqu\u00ed los beneficios que tenemos para ti!<\/p>\n\t\t\t\t<\/div>\n\t\t\t<\/div><\/div>\t\t\t\t<\/div>\n\t\t\t\t\t<\/div>\n\t\t\t\t<\/div>\n\t\t<div class=\"elementor-element elementor-element-354a77e8 e-grid e-con-boxed e-con e-parent\" data-id=\"354a77e8\" data-element_type=\"container\" data-e-type=\"container\" data-settings=\"{&quot;background_background&quot;:&quot;classic&quot;}\">\n\t\t\t\t\t<div class=\"e-con-inner\">\n\t\t\t\t<div class=\"elementor-element elementor-element-22efc084 ekit-equal-height-disable elementor-widget elementor-widget-elementskit-image-box\" data-id=\"22efc084\" data-element_type=\"widget\" data-e-type=\"widget\" data-widget_type=\"elementskit-image-box.default\">\n\t\t\t\t\t<div class=\"ekit-wid-con\" >\n            <div class=\"elementskit-info-image-box ekit-image-box text-left simple-card\" >\n\n                \n                <div class=\"elementskit-box-header image-box-img-left\">\n\n                    <img fetchpriority=\"high\" decoding=\"async\" width=\"800\" height=\"600\" src=\"https:\/\/alumnipucv.cl\/wp-content\/uploads\/2026\/04\/Portada-web-800x600-px-2026-04-27T123359.417.png\" class=\"attachment-full size-full wp-image-17095\" alt=\"\" srcset=\"https:\/\/alumnipucv.cl\/wp-content\/uploads\/2026\/04\/Portada-web-800x600-px-2026-04-27T123359.417.png 800w, https:\/\/alumnipucv.cl\/wp-content\/uploads\/2026\/04\/Portada-web-800x600-px-2026-04-27T123359.417-300x225.png 300w, https:\/\/alumnipucv.cl\/wp-content\/uploads\/2026\/04\/Portada-web-800x600-px-2026-04-27T123359.417-768x576.png 768w\" sizes=\"(max-width: 800px) 100vw, 800px\" \/>\n                <\/div>\n                \n                <div class=\"elementskit-box-body ekit-image-box-body\">\n                    <div class=\"elementskit-box-content ekit-image-box-body-inner\">\n                                                <h6 class=\"elementskit-info-box-title\">\n\n                        pucv santiago\n                        \n                    <\/h6>\n                                                        <\/div>\n\n                                <div class=\"elementskit-box-footer\">\n                    <div class=\"box-footer\">\n                        <div class=\"btn-wraper\">\n                                                            <a href=\"https:\/\/alumnipucv.cl\/?p=472\" class=\"elementskit-btn whitespace--normal\">\n                                    Revisa aqu\u00ed                                <\/a>\n                                                    <\/div>\n                    <\/div>\n                <\/div>\n                            <\/div>\n            <\/div>\n    <\/div>\t\t\t\t<\/div>\n\t\t\t\t<div class=\"elementor-element elementor-element-189efb5 ekit-equal-height-disable elementor-widget elementor-widget-elementskit-image-box\" data-id=\"189efb5\" data-element_type=\"widget\" data-e-type=\"widget\" data-widget_type=\"elementskit-image-box.default\">\n\t\t\t\t\t<div class=\"ekit-wid-con\" >\n            <div class=\"elementskit-info-image-box ekit-image-box text-left simple-card\" >\n\n                \n                <div class=\"elementskit-box-header image-box-img-left\">\n\n                    <img decoding=\"async\" width=\"800\" height=\"600\" src=\"https:\/\/alumnipucv.cl\/wp-content\/uploads\/2026\/04\/Portada-web-800x600-px-2026-04-27T122826.367.png\" class=\"attachment-full size-full wp-image-17094\" alt=\"\" srcset=\"https:\/\/alumnipucv.cl\/wp-content\/uploads\/2026\/04\/Portada-web-800x600-px-2026-04-27T122826.367.png 800w, https:\/\/alumnipucv.cl\/wp-content\/uploads\/2026\/04\/Portada-web-800x600-px-2026-04-27T122826.367-300x225.png 300w, https:\/\/alumnipucv.cl\/wp-content\/uploads\/2026\/04\/Portada-web-800x600-px-2026-04-27T122826.367-768x576.png 768w\" sizes=\"(max-width: 800px) 100vw, 800px\" \/>\n                <\/div>\n                \n                <div class=\"elementskit-box-body ekit-image-box-body\">\n                    <div class=\"elementskit-box-content ekit-image-box-body-inner\">\n                                                <h6 class=\"elementskit-info-box-title\">\n\n                        Descuento en Arancel para hijos de Alumni\n                        \n                    <\/h6>\n                                                        <\/div>\n\n                                <div class=\"elementskit-box-footer\">\n                    <div class=\"box-footer\">\n                        <div class=\"btn-wraper\">\n                                                            <a href=\"https:\/\/alumnipucv.cl\/?p=2444\" class=\"elementskit-btn whitespace--normal\">\n                                    Revisa aqu\u00ed                                <\/a>\n                                                    <\/div>\n                    <\/div>\n                <\/div>\n                            <\/div>\n            <\/div>\n    <\/div>\t\t\t\t<\/div>\n\t\t\t\t<div class=\"elementor-element elementor-element-50e3c6d1 ekit-equal-height-disable elementor-widget elementor-widget-elementskit-image-box\" data-id=\"50e3c6d1\" data-element_type=\"widget\" data-e-type=\"widget\" data-widget_type=\"elementskit-image-box.default\">\n\t\t\t\t\t<div class=\"ekit-wid-con\" >\n            <div class=\"elementskit-info-image-box ekit-image-box text-left simple-card\" >\n\n                \n                <div class=\"elementskit-box-header image-box-img-left\">\n\n                    <img decoding=\"async\" width=\"800\" height=\"600\" src=\"https:\/\/alumnipucv.cl\/wp-content\/uploads\/2026\/04\/Portada-web-800x600-px-2026-04-27T123556.564.png\" class=\"attachment-full size-full wp-image-17097\" alt=\"\" srcset=\"https:\/\/alumnipucv.cl\/wp-content\/uploads\/2026\/04\/Portada-web-800x600-px-2026-04-27T123556.564.png 800w, https:\/\/alumnipucv.cl\/wp-content\/uploads\/2026\/04\/Portada-web-800x600-px-2026-04-27T123556.564-300x225.png 300w, https:\/\/alumnipucv.cl\/wp-content\/uploads\/2026\/04\/Portada-web-800x600-px-2026-04-27T123556.564-768x576.png 768w\" sizes=\"(max-width: 800px) 100vw, 800px\" \/>\n                <\/div>\n                \n                <div class=\"elementskit-box-body ekit-image-box-body\">\n                    <div class=\"elementskit-box-content ekit-image-box-body-inner\">\n                                                <h6 class=\"elementskit-info-box-title\">\n\n                        Programa de Ingl\u00e9s \n                        \n                    <\/h6>\n                                                        <\/div>\n\n                                <div class=\"elementskit-box-footer\">\n                    <div class=\"box-footer\">\n                        <div class=\"btn-wraper\">\n                                                            <a href=\"https:\/\/alumnipucv.cl\/?p=469\" class=\"elementskit-btn whitespace--normal\">\n                                    Revisa aqu\u00ed                                <\/a>\n                                                    <\/div>\n                    <\/div>\n                <\/div>\n                            <\/div>\n            <\/div>\n    <\/div>\t\t\t\t<\/div>\n\t\t\t\t<div class=\"elementor-element elementor-element-36239bd9 ekit-equal-height-disable elementor-widget elementor-widget-elementskit-image-box\" data-id=\"36239bd9\" data-element_type=\"widget\" data-e-type=\"widget\" data-widget_type=\"elementskit-image-box.default\">\n\t\t\t\t\t<div class=\"ekit-wid-con\" >\n            <div class=\"elementskit-info-image-box ekit-image-box text-left simple-card\" >\n\n                \n                <div class=\"elementskit-box-header image-box-img-left\">\n\n                    <img loading=\"lazy\" decoding=\"async\" width=\"800\" height=\"600\" src=\"https:\/\/alumnipucv.cl\/wp-content\/uploads\/2026\/04\/Portada-web-800x600-px-2026-04-27T123914.345.png\" class=\"attachment-full size-full wp-image-17098\" alt=\"\" srcset=\"https:\/\/alumnipucv.cl\/wp-content\/uploads\/2026\/04\/Portada-web-800x600-px-2026-04-27T123914.345.png 800w, https:\/\/alumnipucv.cl\/wp-content\/uploads\/2026\/04\/Portada-web-800x600-px-2026-04-27T123914.345-300x225.png 300w, https:\/\/alumnipucv.cl\/wp-content\/uploads\/2026\/04\/Portada-web-800x600-px-2026-04-27T123914.345-768x576.png 768w\" sizes=\"(max-width: 800px) 100vw, 800px\" \/>\n                <\/div>\n                \n                <div class=\"elementskit-box-body ekit-image-box-body\">\n                    <div class=\"elementskit-box-content ekit-image-box-body-inner\">\n                                                <h6 class=\"elementskit-info-box-title\">\n\n                        Programa de Alem\u00e1n\n                        \n                    <\/h6>\n                                                        <\/div>\n\n                                <div class=\"elementskit-box-footer\">\n                    <div class=\"box-footer\">\n                        <div class=\"btn-wraper\">\n                                                            <a href=\"https:\/\/alumnipucv.cl\/?p=463\" class=\"elementskit-btn whitespace--normal\">\n                                    Revisa aqu\u00ed                                <\/a>\n                                                    <\/div>\n                    <\/div>\n                <\/div>\n                            <\/div>\n            <\/div>\n    <\/div>\t\t\t\t<\/div>\n\t\t\t\t<div class=\"elementor-element elementor-element-9b5aa89 ekit-equal-height-disable elementor-widget elementor-widget-elementskit-image-box\" data-id=\"9b5aa89\" data-element_type=\"widget\" data-e-type=\"widget\" data-widget_type=\"elementskit-image-box.default\">\n\t\t\t\t\t<div class=\"ekit-wid-con\" >\n            <div class=\"elementskit-info-image-box ekit-image-box text-left simple-card\" >\n\n                \n                <div class=\"elementskit-box-header image-box-img-left\">\n\n                    <img loading=\"lazy\" decoding=\"async\" width=\"800\" height=\"600\" src=\"https:\/\/alumnipucv.cl\/wp-content\/uploads\/2026\/04\/Portada-web-800x600-px-2026-04-27T145533.803.png\" class=\"attachment-full size-full wp-image-17099\" alt=\"\" srcset=\"https:\/\/alumnipucv.cl\/wp-content\/uploads\/2026\/04\/Portada-web-800x600-px-2026-04-27T145533.803.png 800w, https:\/\/alumnipucv.cl\/wp-content\/uploads\/2026\/04\/Portada-web-800x600-px-2026-04-27T145533.803-300x225.png 300w, https:\/\/alumnipucv.cl\/wp-content\/uploads\/2026\/04\/Portada-web-800x600-px-2026-04-27T145533.803-768x576.png 768w\" sizes=\"(max-width: 800px) 100vw, 800px\" \/>\n                <\/div>\n                \n                <div class=\"elementskit-box-body ekit-image-box-body\">\n                    <div class=\"elementskit-box-content ekit-image-box-body-inner\">\n                                                <h6 class=\"elementskit-info-box-title\">\n\n                        Deportes\n                        \n                    <\/h6>\n                                                        <\/div>\n\n                                <div class=\"elementskit-box-footer\">\n                    <div class=\"box-footer\">\n                        <div class=\"btn-wraper\">\n                                                            <a href=\"https:\/\/alumnipucv.cl\/?p=454\" class=\"elementskit-btn whitespace--normal\">\n                                    Revisa aqu\u00ed                                <\/a>\n                                                    <\/div>\n                    <\/div>\n                <\/div>\n                            <\/div>\n            <\/div>\n    <\/div>\t\t\t\t<\/div>\n\t\t\t\t<div class=\"elementor-element elementor-element-22a0f2c6 ekit-equal-height-disable elementor-widget elementor-widget-elementskit-image-box\" data-id=\"22a0f2c6\" data-element_type=\"widget\" data-e-type=\"widget\" data-widget_type=\"elementskit-image-box.default\">\n\t\t\t\t\t<div class=\"ekit-wid-con\" >\n            <div class=\"elementskit-info-image-box ekit-image-box text-left simple-card\" >\n\n                \n                <div class=\"elementskit-box-header image-box-img-left\">\n\n                    <img loading=\"lazy\" decoding=\"async\" width=\"800\" height=\"600\" src=\"https:\/\/alumnipucv.cl\/wp-content\/uploads\/2026\/04\/Portada-web-800x600-px-2026-04-27T145645.118.png\" class=\"attachment-full size-full wp-image-17100\" alt=\"\" srcset=\"https:\/\/alumnipucv.cl\/wp-content\/uploads\/2026\/04\/Portada-web-800x600-px-2026-04-27T145645.118.png 800w, https:\/\/alumnipucv.cl\/wp-content\/uploads\/2026\/04\/Portada-web-800x600-px-2026-04-27T145645.118-300x225.png 300w, https:\/\/alumnipucv.cl\/wp-content\/uploads\/2026\/04\/Portada-web-800x600-px-2026-04-27T145645.118-768x576.png 768w\" sizes=\"(max-width: 800px) 100vw, 800px\" \/>\n                <\/div>\n                \n                <div class=\"elementskit-box-body ekit-image-box-body\">\n                    <div class=\"elementskit-box-content ekit-image-box-body-inner\">\n                                                <h6 class=\"elementskit-info-box-title\">\n\n                        Formaci\u00f3n Continua\n                        \n                    <\/h6>\n                                                        <\/div>\n\n                                <div class=\"elementskit-box-footer\">\n                    <div class=\"box-footer\">\n                        <div class=\"btn-wraper\">\n                                                            <a href=\"https:\/\/alumnipucv.cl\/?p=444\" class=\"elementskit-btn whitespace--normal\">\n                                    Revisa aqu\u00ed                                <\/a>\n                                                    <\/div>\n                    <\/div>\n                <\/div>\n                            <\/div>\n            <\/div>\n    <\/div>\t\t\t\t<\/div>\n\t\t\t\t<div class=\"elementor-element elementor-element-f4ebc75 ekit-equal-height-disable elementor-widget elementor-widget-elementskit-image-box\" data-id=\"f4ebc75\" data-element_type=\"widget\" data-e-type=\"widget\" data-widget_type=\"elementskit-image-box.default\">\n\t\t\t\t\t<div class=\"ekit-wid-con\" >\n            <div class=\"elementskit-info-image-box ekit-image-box text-left simple-card\" >\n\n                \n                <div class=\"elementskit-box-header image-box-img-left\">\n\n                    <img loading=\"lazy\" decoding=\"async\" width=\"800\" height=\"600\" src=\"https:\/\/alumnipucv.cl\/wp-content\/uploads\/2026\/04\/Portada-web-800x600-px-2026-04-27T145907.077.png\" class=\"attachment-full size-full wp-image-17101\" alt=\"\" srcset=\"https:\/\/alumnipucv.cl\/wp-content\/uploads\/2026\/04\/Portada-web-800x600-px-2026-04-27T145907.077.png 800w, https:\/\/alumnipucv.cl\/wp-content\/uploads\/2026\/04\/Portada-web-800x600-px-2026-04-27T145907.077-300x225.png 300w, https:\/\/alumnipucv.cl\/wp-content\/uploads\/2026\/04\/Portada-web-800x600-px-2026-04-27T145907.077-768x576.png 768w\" sizes=\"(max-width: 800px) 100vw, 800px\" \/>\n                <\/div>\n                \n                <div class=\"elementskit-box-body ekit-image-box-body\">\n                    <div class=\"elementskit-box-content ekit-image-box-body-inner\">\n                                                <h6 class=\"elementskit-info-box-title\">\n\n                        Ediciones Universitarias\n                        \n                    <\/h6>\n                                                        <\/div>\n\n                                <div class=\"elementskit-box-footer\">\n                    <div class=\"box-footer\">\n                        <div class=\"btn-wraper\">\n                                                            <a href=\"https:\/\/alumnipucv.cl\/?p=436\" class=\"elementskit-btn whitespace--normal\">\n                                    Revisa aqu\u00ed                                <\/a>\n                                                    <\/div>\n                    <\/div>\n                <\/div>\n                            <\/div>\n            <\/div>\n    <\/div>\t\t\t\t<\/div>\n\t\t\t\t<div class=\"elementor-element elementor-element-3bcd8072 ekit-equal-height-disable elementor-widget elementor-widget-elementskit-image-box\" data-id=\"3bcd8072\" data-element_type=\"widget\" data-e-type=\"widget\" data-widget_type=\"elementskit-image-box.default\">\n\t\t\t\t\t<div class=\"ekit-wid-con\" >\n            <div class=\"elementskit-info-image-box ekit-image-box text-left simple-card\" >\n\n                \n                <div class=\"elementskit-box-header image-box-img-left\">\n\n                    <img loading=\"lazy\" decoding=\"async\" width=\"800\" height=\"600\" src=\"https:\/\/alumnipucv.cl\/wp-content\/uploads\/2026\/04\/Portada-web-800x600-px-2026-04-27T150004.995.png\" class=\"attachment-full size-full wp-image-17102\" alt=\"\" srcset=\"https:\/\/alumnipucv.cl\/wp-content\/uploads\/2026\/04\/Portada-web-800x600-px-2026-04-27T150004.995.png 800w, https:\/\/alumnipucv.cl\/wp-content\/uploads\/2026\/04\/Portada-web-800x600-px-2026-04-27T150004.995-300x225.png 300w, https:\/\/alumnipucv.cl\/wp-content\/uploads\/2026\/04\/Portada-web-800x600-px-2026-04-27T150004.995-768x576.png 768w\" sizes=\"(max-width: 800px) 100vw, 800px\" \/>\n                <\/div>\n                \n                <div class=\"elementskit-box-body ekit-image-box-body\">\n                    <div class=\"elementskit-box-content ekit-image-box-body-inner\">\n                                                <h6 class=\"elementskit-info-box-title\">\n\n                        Programa beta\n                        \n                    <\/h6>\n                                                        <\/div>\n\n                                <div class=\"elementskit-box-footer\">\n                    <div class=\"box-footer\">\n                        <div class=\"btn-wraper\">\n                                                            <a href=\"https:\/\/alumnipucv.cl\/?p=429\" class=\"elementskit-btn whitespace--normal\">\n                                    Revisa aqu\u00ed                                <\/a>\n                                                    <\/div>\n                    <\/div>\n                <\/div>\n                            <\/div>\n            <\/div>\n    <\/div>\t\t\t\t<\/div>\n\t\t\t\t<div class=\"elementor-element elementor-element-20b2cd34 ekit-equal-height-disable elementor-widget elementor-widget-elementskit-image-box\" data-id=\"20b2cd34\" data-element_type=\"widget\" data-e-type=\"widget\" data-widget_type=\"elementskit-image-box.default\">\n\t\t\t\t\t<div class=\"ekit-wid-con\" >\n            <div class=\"elementskit-info-image-box ekit-image-box text-left simple-card\" >\n\n                \n                <div class=\"elementskit-box-header image-box-img-left\">\n\n                    <img loading=\"lazy\" decoding=\"async\" width=\"800\" height=\"600\" src=\"https:\/\/alumnipucv.cl\/wp-content\/uploads\/2026\/04\/Portada-web-800x600-px-2026-04-27T150240.018.png\" class=\"attachment-full size-full wp-image-17103\" alt=\"\" srcset=\"https:\/\/alumnipucv.cl\/wp-content\/uploads\/2026\/04\/Portada-web-800x600-px-2026-04-27T150240.018.png 800w, https:\/\/alumnipucv.cl\/wp-content\/uploads\/2026\/04\/Portada-web-800x600-px-2026-04-27T150240.018-300x225.png 300w, https:\/\/alumnipucv.cl\/wp-content\/uploads\/2026\/04\/Portada-web-800x600-px-2026-04-27T150240.018-768x576.png 768w\" sizes=\"(max-width: 800px) 100vw, 800px\" \/>\n                <\/div>\n                \n                <div class=\"elementskit-box-body ekit-image-box-body\">\n                    <div class=\"elementskit-box-content ekit-image-box-body-inner\">\n                                                <h6 class=\"elementskit-info-box-title\">\n\n                        bibliotecas\n                        \n                    <\/h6>\n                                                        <\/div>\n\n                                <div class=\"elementskit-box-footer\">\n                    <div class=\"box-footer\">\n                        <div class=\"btn-wraper\">\n                                                            <a href=\"https:\/\/alumnipucv.cl\/?p=422\" class=\"elementskit-btn whitespace--normal\">\n                                    Revisa aqu\u00ed                                <\/a>\n                                                    <\/div>\n                    <\/div>\n                <\/div>\n                            <\/div>\n            <\/div>\n    <\/div>\t\t\t\t<\/div>\n\t\t\t\t<div class=\"elementor-element elementor-element-4fcf82e ekit-equal-height-disable elementor-widget elementor-widget-elementskit-image-box\" data-id=\"4fcf82e\" data-element_type=\"widget\" data-e-type=\"widget\" data-widget_type=\"elementskit-image-box.default\">\n\t\t\t\t\t<div class=\"ekit-wid-con\" >\n            <div class=\"elementskit-info-image-box ekit-image-box text-left simple-card\" >\n\n                \n                <div class=\"elementskit-box-header image-box-img-left\">\n\n                    <img loading=\"lazy\" decoding=\"async\" width=\"800\" height=\"600\" src=\"https:\/\/alumnipucv.cl\/wp-content\/uploads\/2026\/04\/Portada-web-800x600-px-2026-04-27T150427.001.png\" class=\"attachment-full size-full wp-image-17104\" alt=\"\" srcset=\"https:\/\/alumnipucv.cl\/wp-content\/uploads\/2026\/04\/Portada-web-800x600-px-2026-04-27T150427.001.png 800w, https:\/\/alumnipucv.cl\/wp-content\/uploads\/2026\/04\/Portada-web-800x600-px-2026-04-27T150427.001-300x225.png 300w, https:\/\/alumnipucv.cl\/wp-content\/uploads\/2026\/04\/Portada-web-800x600-px-2026-04-27T150427.001-768x576.png 768w\" sizes=\"(max-width: 800px) 100vw, 800px\" \/>\n                <\/div>\n                \n                <div class=\"elementskit-box-body ekit-image-box-body\">\n                    <div class=\"elementskit-box-content ekit-image-box-body-inner\">\n                                                <h6 class=\"elementskit-info-box-title\">\n\n                        correo electr\u00f3nico pucv\n                        \n                    <\/h6>\n                                                        <\/div>\n\n                                <div class=\"elementskit-box-footer\">\n                    <div class=\"box-footer\">\n                        <div class=\"btn-wraper\">\n                                                            <a href=\"https:\/\/alumnipucv.cl\/?p=424\" class=\"elementskit-btn whitespace--normal\">\n                                    Revisa aqu\u00ed                                <\/a>\n                                                    <\/div>\n                    <\/div>\n                <\/div>\n                            <\/div>\n            <\/div>\n    <\/div>\t\t\t\t<\/div>\n\t\t\t\t\t<\/div>\n\t\t\t\t<\/div>\n\t\t\t\t<\/div>\n\t\t","protected":false},"excerpt":{"rendered":"<p>Beneficios PUCV \u00a1Revisa aqu\u00ed los beneficios que tenemos para ti! pucv santiago Revisa aqu\u00ed Descuento en Arancel para hijos de Alumni Revisa aqu\u00ed Programa de Ingl\u00e9s Revisa aqu\u00ed Programa de Alem\u00e1n Revisa aqu\u00ed Deportes Revisa aqu\u00ed Formaci\u00f3n Continua Revisa aqu\u00ed Ediciones Universitarias Revisa aqu\u00ed Programa beta Revisa aqu\u00ed bibliotecas Revisa aqu\u00ed correo electr\u00f3nico pucv Revisa [&hellip;]<\/p>\n","protected":false},"author":4,"featured_media":0,"parent":0,"menu_order":0,"comment_status":"closed","ping_status":"closed","template":"","meta":{"footnotes":""},"class_list":["post-17075","page","type-page","status-publish","hentry"],"_links":{"self":[{"href":"https:\/\/alumnipucv.cl\/index.php?rest_route=\/wp\/v2\/pages\/17075","targetHints":{"allow":["GET"]}}],"collection":[{"href":"https:\/\/alumnipucv.cl\/index.php?rest_route=\/wp\/v2\/pages"}],"about":[{"href":"https:\/\/alumnipucv.cl\/index.php?rest_route=\/wp\/v2\/types\/page"}],"author":[{"embeddable":true,"href":"https:\/\/alumnipucv.cl\/index.php?rest_route=\/wp\/v2\/users\/4"}],"replies":[{"embeddable":true,"href":"https:\/\/alumnipucv.cl\/index.php?rest_route=%2Fwp%2Fv2%2Fcomments&post=17075"}],"version-history":[{"count":16,"href":"https:\/\/alumnipucv.cl\/index.php?rest_route=\/wp\/v2\/pages\/17075\/revisions"}],"predecessor-version":[{"id":17136,"href":"https:\/\/alumnipucv.cl\/index.php?rest_route=\/wp\/v2\/pages\/17075\/revisions\/17136"}],"wp:attachment":[{"href":"https:\/\/alumnipucv.cl\/index.php?rest_route=%2Fwp%2Fv2%2Fmedia&parent=17075"}],"curies":[{"name":"wp","href":"https:\/\/api.w.org\/{rel}","templated":true}]}}